-7. Suppose -248 = 3*f - 7*f. Let r = z + f. List the prime factors of r.
5, 11
Suppose -5753*g + 76776 = -5739*g. List the prime factors of g.
2, 3, 457
Suppose 66*a - 3288 = 58*a. Suppose 3*p + 4*y = a, 24*p + 156 = 25*p - 5*y. List the prime factors of p.
3, 47
Suppose 0 = 41*p - 43*p + 6020. Suppose 0 = 6*o + 8*o - p. What are the prime factors of o?
5, 43
Suppose -39133 + 11013 = -76*o. What are the prime factors of o?
2, 5, 37
Let o(v) be the first derivative of -12 + v**2 - 1/4*v**4 + 23*v + 22/3*v**3. What are the prime factors of o(22)?
67
What are the prime factors of (-1 - 225/(-36))/((-6)/(-16256))?
2, 7, 127
Let g be 0 + (-76)/(-95) + (-2282)/(-10). Let i = g + -336. List the prime factors of -1 - i - (-4 - -1).
109
Let p(m) = -2*m**3 - 30*m**2 - 10*m - 18. Suppose -6*n = 163 - 25. Let w be p(n). What are the prime factors of (-8)/14 - (w/21)/(-2)?
2, 103
Suppose z + 13 = 3*q, 4*z + z = -q + 15. Suppose 0 = 2*l + z*l - 8. Suppose 148 = 2*y + l*o, -o - 160 = -2*y - 0*o. List the prime factors of y.
2, 3, 13
Let d(l) = 79*l**2 - 159*l + 2160. What are the prime factors of d(14)?
2, 13, 593
Suppose -36 = 17*r - 13*r. Let n(p) = -22*p - 33. List the prime factors of n(r).
3, 5, 11
Let w = -17 - 16. Let z = w - -44. Let j(t) = t**3 - 10*t**2 - 6*t - 10. List the prime factors of j(z).
3, 5
Let j be ((-40)/25)/(8/(-60)). Suppose n = 2*l - j, -4*l + n - 6*n - 4 = 0. Suppose -2*q = -5*h + 84 + 106, 135 = l*h - 5*q. List the prime factors of h.
2, 5
Let z(a) = 50*a - 3. Suppose 2*y = -16*c + 15*c - 1, 0 = 3*y + 5*c + 12. What are the prime factors of z(y)?
47
Suppose -4*w = 15*f - 10*f + 12, w - 4*f = 18. Suppose 3*a + 2*j = -35, w*j = -6*a + 5*a - 17. What are the prime factors of (0 - (-770)/15)/((-6)/a)?
7, 11
Suppose 0 = 26*g - 29*g + 3*x + 20241, 5*g - 4*x = 33730. List the prime factors of g.
2, 3371
Suppose 0*f - 110 = -3*v - 2*f, 2*f = -4*v + 150. Suppose -18*w = -v*w + 3146. List the prime factors of w.
11, 13
Let t = 44387 + 16649. List the prime factors of t.
2, 15259
Let s(d) = 5*d**3 - 5*d**2 + 4*d + 7. Let q(x) = -15*x**3 + 14*x**2 - 13*x - 23. Let t(v) = 2*q(v) + 7*s(v). What are the prime factors of t(5)?
463
Let p be -3 - (14/(-2))/(8/872). Let f = -285 + p. List the prime factors of f.
5, 19
Let p(v) = 229*v**2 + 2*v - 3. Let o(w) = -2*w**2 + 39*w + 22. Let x be o(20). List the prime factors of p(x).
7, 131
Let m = -533 - -547. Suppose 992 + 254 = m*a. What are the prime factors of a?
89
Suppose -34*l = 137959 - 2735491. List the prime factors of l.
2, 3, 7, 17, 107
Let l(p) = 7*p**2 - 28. Let x be l(4). Suppose i - 1107 = x. List the prime factors of i.
3, 397
Let q(z) = 665*z**2 - 6*z + 2. Let b be q(1). Let m = b + -172. List the prime factors of m.
3, 163
Suppose 74*y + 80 = 70*y. Let m be 2/(-6) - y/6. Suppose 4 = 4*k, -6 - 92 = -m*u + k. List the prime factors of u.
3, 11
Let h = -718 + 963. Let o = h + 859. List the prime factors of o.
2, 3, 23
Suppose -5*r = 241 - 81. Let m = r - -38. Let o(a) = -2*a**2 + 20*a - 2. What are the prime factors of o(m)?
2, 23
Let f = 2779 + -688. List the prime factors of f.
3, 17, 41
Suppose 13549 = 21*i - 70895 - 120621. What are the prime factors of i?
3, 5, 7, 31
Let w = 12599 + 391. What are the prime factors of w?
2, 3, 5, 433
Let k(h) = h**2 + h. Let l(m) = 7 - 4 - 2 - 3*m + 0 + 88*m**2. Let a(p) = 3*k(p) + l(p). List the prime factors of a(1).
2, 23
Let u(j) = -5*j**2 - 33*j - 17. Let p be u(-5). Suppose -c = a - 8 - p, 64 = 2*a + c. What are the prime factors of a?
3, 11
List the prime factors of ((-8204)/(-2))/((-97)/(-582)).
2, 3, 7, 293
Let y(t) = -5*t - 4. Let s be y(-2). What are the prime factors of 10/15 - (-1334)/s?
223
Let a(g) = g**3 - 5*g**2 - 23*g + 5. Suppose 4*v = b - 17, 2*v + 12 = 4*b - 28. List the prime factors of a(b).
2, 61
Let b be (1 + 3)*(-8)/(-16). Suppose 4*w + 0*w = 4*t + 72, t = b*w - 16. Let f(q) = -9*q - 9. List the prime factors of f(t).
3, 19
Suppose -107 = 6*z + 31. Let r(j) = 2*j + 56. Let i be r(z). Suppose i*y = 3*y + 63. List the prime factors of y.
3
Let g = 279 - -84. Suppose -4*q + 3415 - g = 0. List the prime factors of q.
7, 109
Let h = 1049 - 1044. What are the prime factors of (-6)/(-10) + (h - 9324/(-35))?
2, 17
Let a(j) be the second derivative of j**5/10 + 7*j**4/3 + 5*j**3/3 + 31*j**2/2 + 140*j. List the prime factors of a(-11).
647
Let y(i) = -2*i - 11. Let x be y(-3). Let v = -37 + x. Let h = v - -122. List the prime factors of h.
2, 5
Suppose -4*p = 4*s - 308, -3*p - 3*s = p - 303. Suppose -p - 138 = -5*c. What are the prime factors of c?
2, 3, 7
Let n be 5778/14 - (-10)/35. Suppose n = 4*o - 971. Let s = -215 + o. What are the prime factors of s?
131
Let k(o) = 713*o - 1. List the prime factors of k(15).
2, 5347
Let o(p) = -9*p - 13. Let b be o(-2). Suppose b*k = 21*k - 2448. Suppose -3*c = c - 4*t - 300, 2*c - k = -t. List the prime factors of c.
2, 19
Let u = -549 + 563. What are the prime factors of (-396)/27*(-357)/u?
2, 11, 17
Let j = 3922 + -2093. Suppose -j = i - 9. What are the prime factors of 2/6 + i/(-21)?
3, 29
Let v = -120 - -240. Suppose 9*f = 168 + v. What are the prime factors of f?
2
List the prime factors of (1506*(-444)/(-24))/1.
3, 37, 251
Let c be 0 + (16 - 8) - (-2 - 2). Let u(h) = 5*h**2 - 11*h - 34. List the prime factors of u(c).
2, 277
Suppose 3*k = 3*c - 1236, 26*k - 416 = -c + 28*k. List the prime factors of c.
2, 3, 17
Let k(y) = 23*y**2 + 5*y + 1. Let f = 23 - 23. Suppose f = v - 19 + 16. What are the prime factors of k(v)?
223
Let z = -12784 + 8066. What are the prime factors of 7/28 + z/(-8)?
2, 5, 59
Let m be (6/(-10))/(16/(-400)). List the prime factors of (9/m)/((-7473)/(-2490) - 3).
2, 3, 83
Let h(n) = 12*n + 120. Let x be h(-8). Let o(s) = s**3 - 24*s**2 + 53*s - 59. What are the prime factors of o(x)?
1213
Suppose 5*f + 10 = 0, 5*f + 1180 = 2*t - 4430. Suppose -30*g + t = -20*g. List the prime factors of g.
2, 5, 7
Let l = 359 - -478. List the prime factors of l/5 + 1 + 6/(-15).
2, 3, 7
What are the prime factors of ((-11 - 5860/30) + -8)/(3/(-1305))?
5, 29, 643
Let l(x) = 10*x**2 - 28*x + 38. Let u be l(-15). Let r = -1620 + u. List the prime factors of r.
2, 17
Let x(n) = 404*n - 300. What are the prime factors of x(5)?
2, 5, 43
Let m = 1790 - -421. List the prime factors of m.
3, 11, 67
Suppose 0 = -4*n - u - 17, -6*n = -n + u + 20. Suppose 20*t - 3767 = -15467. What are the prime factors of t/n*4/5?
2, 3, 13
Suppose -2*h = -3*t - 10059, 60*h = 59*h + 5*t + 5026. List the prime factors of h.
3, 13, 43
Let r(g) = 1 + 0*g**3 + 5*g + 131*g**2 - 134*g**2 - 4 + 2*g**3. Let k be r(3). List the prime factors of k + (4/(-3))/((-2)/3).
41
Let n(g) = -g + 17. Let t be n(14). Suppose 5*l + 1198 = 4*f, 3*f - t*l - 296 = 2*f. What are the prime factors of f/3 + ((-20)/(-15))/(-2)?
2, 5
Let w = -11641 + 21190. List the prime factors of w.
3, 1061
Let a be ((-6)/(-4))/(-6*(-1)/152). Suppose -a = 3*o - 50. List the prime factors of 6/(-12) + (698/o - -1).
5, 7
Let u = -1651 + 515. Let d = 2386 + u. List the prime factors of d.
2, 5
Let p(m) be the second derivative of -11*m**3/3 - 22*m**2 + 10*m. Let l be p(-15). Suppose 362 + l = 4*g. What are the prime factors of g?
2, 3
Let s be (-492)/(-54) + 3/(-27). Let w(a) = a**3 - 7*a**2 - a + 12. List the prime factors of w(s).
3, 5, 11
Let n(u) = 3*u - 50. Let m be n(23). Suppose w - 3*b - 21 = 0, 0*b - b = 4*w - m. List the prime factors of 4/2*-51*w/(-4).
3, 17
Let s = 257 - 172. Let l = 293 + s. List the prime factors of l.
2, 3, 7
Let v be ((-45)/(-20))/9 - (-45674)/(-8). List the prime factors of (v/(-66))/((-1)/(-2)).
173
List the prime factors of 6687 - ((-34)/204 + (-141)/18).
5, 13, 103
Let h(u) = 81*u**2 - 4*u - 1. Let o be h(3). Let f = o + -286. What are the prime factors of f?
2, 5, 43
Let p(d) = -d. Let z = 74 + -75. Let r(m) = 3*m - 26. Let u(b) = z*r(b) - 6*p(b). List the prime factors of u(16).
2, 37
Let d = 580 + -101. What are the prime factors of d?
479
Let n(h) = -3*h**3 + 5*h**2 - 24*h - 93. What are the prime factors of n(-10)?
7, 521
Let o be 896/21 + ((-2)/(-3))/2. Suppose -40*a - 903 = -o*a. What are the prime factors of a?
7, 43
Let o = -3926 - -9833. List the prime factors of o.
3, 11, 179
Let b = 786 + -454. Suppose -5*u =